 1. Suppose -i = o + 2. Let b be -4*((-44)/(-16) + o). Calculate p(b).
6
Let v(u) = -u**3 - 19*u**2 - 19*u - 14. Let w be v(-18). Let b(z) = -2*z**2. Let k(r) = 5*r**2 + r + 1. Let g(o) = -8*b(o) - 3*k(o). Calculate g(w).
1
Let u(k) = 5*k + 1. Let c = -12 - -11. Calculate u(c).
-4
Let d(b) = 107*b**2 + 101*b**2 - 310*b**2 + 26 + 3*b + 101*b**2. Calculate d(7).
-2
Let s(z) = 8*z + 8012*z**3 - 5 + 4*z - 10*z**2 - 8011*z**3. What is s(9)?
22
Let d be ((-3)/(-2))/((-24)/(-32)). Let f(r) = 9 - r**3 - 22*r**2 - 1 + 0 + 28*r**d. Calculate f(6).
8
Let a = -14 - -11. Let c(q) be the third derivative of -q**4/6 - 5*q**3/6 - 2*q**2. Let l be c(a). Let d(k) = -k**2 + 6*k + 5. What is d(l)?
-2
Let d be (1 + -6)*(-1 - -2). Let j(a) = 37*a + 13*a - 51*a. What is j(d)?
5
Let c(d) = 0*d + 3 - 2 + 2*d**3 - d**2 - 3*d. Let u = -6 - -8. Let v be c(u). Let y(x) = -x**3 + 8*x**2 - 8*x + 2. Give y(v).
-5
Let a(r) = 20*r**2 - 4 + 3 - 2*r - 6*r**2. Suppose -29 = w + 2*m + 66, 0 = -3*w + 2*m - 309. Let c = w - -100. Calculate a(c).
15
Let p(y) = 1 - 2*y + 2*y - y. Let l(o) = -o**3 - 21*o**2 + 23*o + 24. Let h be l(-22). Suppose 20 = h*t - 7*t. Calculate p(t).
5
Let i(r) be the second derivative of r**5/60 + 5*r**4/24 - r**3/6 + 3*r**2 - 11*r. Let s(z) be the first derivative of i(z). Determine s(-6).
5
Let u(p) be the third derivative of -23*p**5/60 - p**4/12 - p**3/2 + 432*p**2. Calculate u(-1).
-24
Let z = -3 + 0. Let o be (-17)/4 - z/12. Let v(d) be the first derivative of -d**4/4 - d**3 + 5*d**2/2 - d + 86. Determine v(o).
-5
Let k(b) = b**2 + 2*b - 6. Let u be k(-6). Let d(t) = -20 - u*t**2 - t - 7*t**2 + 26*t**2. What is d(0)?
-20
Let p(o) = 34*o + 97. Let w be p(-3). Let j(h) = -4*h**2 - 2*h + 4. Let c(a) = -9*a**2 - 3*a + 8. Let f(x) = -3*c(x) + 7*j(x). Determine f(w).
4
Let i(k) = 10*k**2 - 2*k**2 - k**2 + 13 + 6*k - 8*k**2. What is i(8)?
-3
Let z(r) = r**2 + 5*r + 1. Let p = -98 - -61. Let d = p + 31. Let g be (-4)/1*d/(-8). Give z(g).
-5
Let g(o) = 7*o + 18. Let a be g(-7). Let n = a + 35. Let w(v) = -v**3 + 4*v**2 + 3*v + 1. What is w(n)?
13
Let s(b) = 34*b**3 + 4*b**2 - 9*b + 2. Let f(c) = -51*c**3 - 6*c**2 + 13*c - 3. Let y(j) = 5*f(j) + 7*s(j). What is y(1)?
-18
Let o be ((-40)/25)/(2/10). Let r be o/(-6)*(-6)/(-4). Let j(c) = -107 - 112 - c + 218. Calculate j(r).
-3
Let u be (-322)/(-56) + (-3)/(-24)*2. Let y(k) = -k**2 + 10*k - 2. What is y(u)?
22
Let g(j) = -12*j**2 + j - 1. Suppose 19*k = 24*k. Let i be k*3/6*-1. Suppose i = -w - 5, 0 = -n + 4*w + 21 - 0. Give g(n).
-12
Let o(f) = 63 - 156 + 110 - 11*f. Calculate o(8).
-71
Let c(z) = 13*z - 24. Let x(h) = -36*h + 67. Let q(y) = 11*c(y) + 4*x(y). Determine q(0).
4
Let f(h) = -16*h - 19. Let y(n) = -43 + 49 + 9*n - 4*n. Let s(g) = -2*f(g) - 7*y(g). Determine s(-3).
5
Let m(s) = -12*s**2 + 5*s - 4. Let b(y) = -11*y**2 + 4*y - 3. Let g(h) = -4*b(h) + 3*m(h). Let p = -23075 + 23076. Determine g(p).
7
Let m(t) be the first derivative of 2*t**3/3 - 7*t**2/2 + 6*t + 36. Calculate m(3).
3
Let j(p) = p**2 + 4*p + 3. Let v(g) = -2 + 7*g - 14*g - 2*g**2 + g**2 + 8*g. Let n be v(0). Calculate j(n).
-1
Let f(t) = -3*t - 2. Let y(d) = 4*d**2 + 8*d + 12. Let c(z) = z**2. Let q(m) = -3*c(m) + y(m). Let x be q(-5). Let i = x - -1. Give f(i).
4
Suppose 5*c = 4*y - 0*y - 90, c = -3*y + 77. Suppose -2*v - a + y = 8, -12 = -4*a. Let d(w) = w - 4. Calculate d(v).
3
Let f(r) be the third derivative of -r**7/2520 - r**6/360 + r**5/30 - 14*r**2. Let s(g) be the third derivative of f(g). Give s(-4).
6
Let v be 5/(15/12) - 4. Let r(o) = 6 - 2*o**2 + o**2 + v*o**3 + o**3 - 3*o - 4*o**2. Calculate r(5).
-9
Let l(m) be the second derivative of m**3/6 - m**2 + m. Let t be 0/(((-2)/1)/(-2)). Let v be 0/(4 + (-2 - t)). What is l(v)?
-2
Let i(q) be the third derivative of q**5/30 - 13*q**4/12 - 9*q**3/2 - 8*q**2 + 2*q. Determine i(14).
1
Let k(x) = -4*x + 4. Suppose -4*g = -5*r + 18, -4*r + 2*g + 11 = -1. Let t be 52/8 - r/4. Suppose -4*z - 6 = -t*z. Give k(z).
-8
Let d be (5 - -1)/(1 + 0). Let w(y) = y + 158. Let l(u) = 3*u + 517. Let q(g) = 4*l(g) - 13*w(g). Give q(d).
8
Let f(z) be the first derivative of -z**3/3 - 3*z**2 - 3*z - 1. Suppose 108*r = 99*r - 45. Calculate f(r).
2
Suppose 0 = -3*p, 5*v - 40 = 2*p - 7*p. Suppose -30 = 5*k - x, 33 - v = -4*k + x. Let f(m) = -m**3 - 3*m**2 + 6*m - 6. Calculate f(k).
14
Let b be 2/4*(1 - 1). Let k(n) = b - 3 + n + 2. Suppose 3*p - 20 = -p. Determine k(p).
4
Let v(l) be the third derivative of 0*l - 2*l**2 + 1/24*l**4 - 2/3*l**3 + 0. Let q be 4/((-60)/(-9))*-10. Give v(q).
-10
Let d(i) = -i**2 - 3*i + 7. Let a(f) = -32 + 5*f + f + f**2 + 35. Let o be a(-2). What is d(o)?
-3
Suppose -3*j = 2*j, 3*b = -4*j + 27. Let n(f) = -90 - f + b*f**2 + 80 + 2*f - f**3. What is n(9)?
-1
Let n(y) = y + 9. Let v be n(0). Suppose -5*u = -v*u + 8. Let x(w) = -2*w**2 + 2*w - 3. What is x(u)?
-7
Let x(f) = 2*f - 2. Let h(l) = -19*l + 15. Let z(n) = -h(n) - 6*x(n). What is z(5)?
32
Suppose 42 = -9*r + 3*r. Let j(s) = s**2 + 9*s + 18. Let t be j(r). Let n(g) = -g**3 + 2*g**2 + 5*g + 1. Give n(t).
-11
Let n(d) = -d**2 - 9*d - 8. Let y(m) = m + 3. Let w(f) = n(f) + 4*y(f). Determine w(-7).
-10
Let t(s) be the first derivative of -7*s**2/2 - s - 1. Let o = 1 - 0. Suppose -o = -0*z - z. Calculate t(z).
-8
Let s(w) be the third derivative of w**6/360 + w**5/60 - w**4/8 - 4*w**3/3 - 3*w**2. Let y(g) be the first derivative of s(g). Calculate y(2).
5
Let f(b) = b + 6. Let a be (0 - 4)*3/(-6). Suppose z - x - a = x, -3*z = 4*x - 16. Let l be ((-18)/z)/(12/16). Calculate f(l).
0
Let u(c) = -10*c + 10. Let i(f) = 5*f - 8. Let p(m) = -5*i(m) - 3*u(m). What is p(2)?
20
Let c be (-1)/((-4)/(-10) - 63/70). Suppose -c*r + 108 = 16*r. Let o(v) = -v**2 + 8*v - 7. Determine o(r).
5
Suppose 3*q - 2*n + 62 + 87 = 0, 0 = -3*q - 4*n - 161. Let h = q - -46. Let o(m) = -m**2 - 6*m - 3. Give o(h).
2
Let r(w) = -w. Let b be r(-2). Let x(k) = k + 0*k - 2*k + 5*k - 3 - 2*k. Calculate x(b).
1
Suppose 5*j + 14 = -11, 3*j + 27 = 4*k. Let n(z) be the second derivative of 2*z - 2/3*z**k + 1/20*z**5 + 0*z**2 - 1/4*z**4 + 0. Give n(4).
0
Let o(t) = -t**2 + 1 - 3*t + 2*t**2 + 0*t**2 - 3*t**2. Let b(j) be the third derivative of -j**5/60 + 5*j**4/24 - j**3/2 + 5*j**2. Let x be b(5). Give o(x).
-8
Let i(j) be the first derivative of -j**4/4 - j**3/3 + 6*j - 1. Let d be (-49)/28 + (-1)/4. Let y(p) = p**2 + 2*p. Let l be y(d). What is i(l)?
6
Let n(m) = -m**3 - 6*m**2 + 2*m - 16. Let a(b) = b**3 + 6*b**2 - b + 15. Let p(c) = -5*a(c) - 4*n(c). Let l be p(-6). Let w(d) = -d + 12. Give w(l).
5
Suppose -2*i - 9 = -9. Let x(f) be the first derivative of -f**4/4 + f**3/3 + f**2/2 + 5*f - 2. Determine x(i).
5
Suppose -58*i - 1 = -59*i. Let w(s) = -12*s**3 - i - s**3 - 238*s + 2*s**2 + 238*s. Give w(-1).
14
Let m(f) = f**3 - 2*f**2 - f + 1. Let k(o) = -11*o - 20. Let y be k(-2). Calculate m(y).
-1
Let q(h) = 2*h - 10. Suppose -12 = 4*r, 2*l - l + 5*r = -8. Determine q(l).
4
Let p(l) = 4*l + 20. Suppose 1619*u - 104 = 1632*u. Give p(u).
-12
Let b(m) be the third derivative of m**5/30 - 5*m**4/24 - 5*m**3/6 + 4*m**2 - 16*m. Determine b(3).
-2
Let p(r) be the first derivative of -3*r - 5/2*r**2 + 11 + 5/3*r**3 + 1/4*r**4. What is p(-6)?
-9
Let z(p) = -19*p - 96*p**2 + 7 + 4*p + 8*p + 97*p**2. Let n be (-1)/((-9)/8 - -1). Give z(n).
15
Let a(i) = -2*i. Let c = 4 + 1. Suppose 0 = -p - 8 + 22. Suppose 2*h + p = -2*j - 2*h, c = -j - h. Determine a(j).
6
Let m(x) = 5 - 25*x + 2 - 16*x + 42*x. Determine m(-2).
5
Suppose -7*c = -2*c - 20. Suppose x = -0*x + c. Suppose -x*a - a = 30. Let q(o) = 2*o + 3. What is q(a)?
-9
Let s(f) = -f + 7. Let n = -8 - -15. Let q be s(n). Let l(g) be the first derivative of -g**3/3 + g**2/2 + 3*g + 2. What is l(q)?
3
Let p(w) = 3 - 20*w - 219*w**2 + 441*w**2 - 223*w**2. Calculate p(-20).
3
Let x = 116 + -110. Let a(d) = d**2 - 8*d + 7. Determine a(x).
-5
Suppose 0 = 8*t - 7*t - 5. Let s(p) = 5*p**3 + 6*p**2 - 6*p + 7. Let c(d) = -14*d**3 - 18*d**2 + 18*d - 21. Let g(i) = -6*c(i) - 17*s(i). Determine g(t).
2
Let s(b) be the first derivative of -b**4/4 + 5*b**3/3 + 2*b**2 - 5*b + 754. What is s(5)?
15
Suppose -2*x - 24 = -4*x. Suppose 5*n - n + y = 16, 3*n + 5*y = x. Let q(u) = -u**2 + 4*u + 1. Calculate q(n).
1
Let l = 48 + -48. Let 